{"id":122,"date":"2024-09-23T22:36:18","date_gmt":"2024-09-23T22:36:18","guid":{"rendered":"https:\/\/www.satamapaikka.com\/?page_id=122"},"modified":"2025-02-23T00:01:57","modified_gmt":"2025-02-22T21:01:57","slug":"yhteystiedot","status":"publish","type":"page","link":"https:\/\/www.satamapaikka.com\/?page_id=122","title":{"rendered":"Yhteystiedot"},"content":{"rendered":"<div  class='flex_column av-hkz4q-b8c7d73cfe1dabca3971f2443c9a0109 av_one_third  avia-builder-el-0  el_before_av_two_third  avia-builder-el-first  first flex_column_div  '     ><p>\n<style type=\"text\/css\" data-created_by=\"avia_inline_auto\" id=\"style-css-av-m1fl4q72-5e502250276e8105860f36690837f251\">\n.avia-image-container.av-m1fl4q72-5e502250276e8105860f36690837f251 img.avia_image{\nbox-shadow:none;\n}\n.avia-image-container.av-m1fl4q72-5e502250276e8105860f36690837f251 .av-image-caption-overlay-center{\ncolor:#ffffff;\n}\n<\/style>\n<div  class='avia-image-container av-m1fl4q72-5e502250276e8105860f36690837f251 av-styling- avia-align-center  avia-builder-el-1  el_before_av_hr  avia-builder-el-first  av-small-hide av-mini-hide'   itemprop=\"image\" itemscope=\"itemscope\" itemtype=\"https:\/\/schema.org\/ImageObject\" ><div class=\"avia-image-container-inner\"><div class=\"avia-image-overlay-wrap\"><img decoding=\"async\" fetchpriority=\"high\" class='wp-image-28 avia-img-lazy-loading-not-28 avia_image ' src=\"https:\/\/www.satamapaikka.com\/wp-content\/uploads\/2024\/09\/mtek_mobile_309x640.webp\" alt='' title='mtek_mobile_309x640'  height=\"640\" width=\"309\"  itemprop=\"thumbnailUrl\" srcset=\"https:\/\/www.satamapaikka.com\/wp-content\/uploads\/2024\/09\/mtek_mobile_309x640.webp 309w, https:\/\/www.satamapaikka.com\/wp-content\/uploads\/2024\/09\/mtek_mobile_309x640-145x300.webp 145w\" sizes=\"(max-width: 309px) 100vw, 309px\" \/><\/div><\/div><\/div><br \/>\n<div  class='hr av-ga89e-d449cb1203bfce228b33db45c7105eec hr-short  avia-builder-el-2  el_after_av_image  el_before_av_icon_box  hr-center'><span class='hr-inner '><span class=\"hr-inner-style\"><\/span><\/span><\/div><br \/>\n<article  class='iconbox iconbox_top av-m1flfbt5-64a35d213cdc4b5c7454bc2e5368bb5b  avia-builder-el-3  el_after_av_hr  avia-builder-el-last  main_color'  itemscope=\"itemscope\" itemtype=\"https:\/\/schema.org\/CreativeWork\" ><div class=\"iconbox_content\"><header class=\"entry-content-header\" aria-label=\"Icon: Yrityksen yhteystiedot\"><div class='iconbox_icon heading-color avia-iconfont avia-font-entypo-fontello' data-av_icon='\ue805' data-av_iconfont='entypo-fontello'  ><\/div><h3 class='iconbox_content_title '  itemprop=\"headline\" >Yrityksen yhteystiedot<\/h3><\/header><div class='iconbox_content_container '  itemprop=\"text\" ><p>Bookkaa Finland Oy<br \/>\nY-tunnus: 2543444-6<\/p>\n<p>Myynti:<\/p>\n<p><a href=\"mailto:sales@satamapaikka.com\" target=\"_blank\" rel=\"noopener\">sales@satamapaikka.com<\/a><\/p>\n<\/div><\/div><footer class=\"entry-footer\"><\/footer><\/article><\/p><\/div><div  class='flex_column av-as6mq-6b4c4f3508438286f8710005fb3bf409 av_two_third  avia-builder-el-4  el_after_av_one_third  el_before_av_hr  flex_column_div  '     ><p><div  class='hr av-cukve-591a60513b4b43084d77a054ca2e8c6f hr-short  avia-builder-el-5  el_before_av_icon_box  avia-builder-el-first  hr-center'><span class='hr-inner '><span class=\"hr-inner-style\"><\/span><\/span><\/div><br \/>\n<article  class='iconbox iconbox_top av-m1fl521w-fbd6f29d907cf0edf0f7f3d6992b2d96  avia-builder-el-6  el_after_av_hr  el_before_av_hr  main_color'  itemscope=\"itemscope\" itemtype=\"https:\/\/schema.org\/CreativeWork\" ><div class=\"iconbox_content\"><header class=\"entry-content-header\" aria-label=\"Icon: Asiakaspalvelun yhteystiedot\"><div class='iconbox_icon heading-color avia-iconfont avia-font-entypo-fontello' data-av_icon='\ue81f' data-av_iconfont='entypo-fontello'  ><\/div><h3 class='iconbox_content_title '  itemprop=\"headline\" >Asiakaspalvelun yhteystiedot<\/h3><\/header><div class='iconbox_content_container '  itemprop=\"text\" ><p>Asiakastuki:\u00a0<a href=\"mailto:servicedesk@satamapaikka.com\" target=\"_blank\" rel=\"noopener\">servicedesk@satamapaikka.com<\/a><\/p>\n<p>Pyrimme vastaamaan kaikkiin s\u00e4hk\u00f6posteihin saman p\u00e4iv\u00e4n aikana.<\/p>\n<\/div><\/div><footer class=\"entry-footer\"><\/footer><\/article><br \/>\n<div  class='hr av-m1flktfx-b28ab0c916961f5e17a9f7aed6d9d80c hr-short  avia-builder-el-7  el_after_av_icon_box  el_before_av_icon_box  hr-center'><span class='hr-inner '><span class=\"hr-inner-style\"><\/span><\/span><\/div><br \/>\n<article  class='iconbox iconbox_top av-m1fl5ahz-838b22f14a444482a2e605db210510b9  avia-builder-el-8  el_after_av_hr  el_before_av_hr  main_color'  itemscope=\"itemscope\" itemtype=\"https:\/\/schema.org\/CreativeWork\" ><div class=\"iconbox_content\"><header class=\"entry-content-header\" aria-label=\"Icon: L\u00f6yd\u00e4t meid\u00e4t my\u00f6s Facebookista\"><div class='iconbox_icon heading-color avia-iconfont avia-font-entypo-fontello' data-av_icon='\ue8f4' data-av_iconfont='entypo-fontello'  ><\/div><h3 class='iconbox_content_title '  itemprop=\"headline\" >L\u00f6yd\u00e4t meid\u00e4t my\u00f6s Facebookista<\/h3><\/header><div class='iconbox_content_container '  itemprop=\"text\" ><p style=\"text-align: center;\"><a title=\"Satamapaikka.com Facebook\" href=\"http:\/\/www.facebook.com\/Satamapaikkacom\" target=\"_blank\" rel=\"noopener\">www.facebook.com\/Satamapaikkacom<\/a><\/p>\n<p style=\"text-align: center;\">K\u00e4y tykk\u00e4\u00e4m\u00e4ss\u00e4!<\/p>\n<p><iframe style=\"overflow: hidden; width: 100%; height: 80px;\" src=\"http:\/\/www.facebook.com\/plugins\/like.php?href=http%3A%2F%2Fwww.facebook.com\/Satamapaikkacom&#038;layout=standard&#038;show_faces=true&#038;action=like&#038;colorscheme=light&#038;\" frameborder=\"0\" scrolling=\"no\"><a href=\"http:\/\/goertz-gutschein-map.com\" class=\"fbook\">http:\/\/goertz-gutschein-map.com<\/a><\/iframe><\/p>\n<\/div><\/div><footer class=\"entry-footer\"><\/footer><\/article><br \/>\n<div  class='hr av-9hi2q-7c87d07ae4af09bd9cbf7d96f1680be4 hr-short  avia-builder-el-9  el_after_av_icon_box  el_before_av_icon_box  hr-center'><span class='hr-inner '><span class=\"hr-inner-style\"><\/span><\/span><\/div><br \/>\n<article  class='iconbox iconbox_top av-m1flh9b1-abc639f0dfe7885b785e736572485637  avia-builder-el-10  el_after_av_hr  avia-builder-el-last  main_color'  itemscope=\"itemscope\" itemtype=\"https:\/\/schema.org\/CreativeWork\" ><div class=\"iconbox_content\"><header class=\"entry-content-header\" aria-label=\"Icon: Laskutusosoite\"><div class='iconbox_icon heading-color avia-iconfont avia-font-entypo-fontello' data-av_icon='\ue81f' data-av_iconfont='entypo-fontello'  ><\/div><h3 class='iconbox_content_title '  itemprop=\"headline\" >Laskutusosoite<\/h3><\/header><div class='iconbox_content_container '  itemprop=\"text\" ><p><b>Verkkolaskut<\/b><\/p>\n<p>Verkkolaskuosoite: 003725434446<\/p>\n<p>Operaattori: Maventa (003721291126)<\/p>\n<p>V\u00e4litt\u00e4j\u00e4tunnus pankkiverkosta l\u00e4hetett\u00e4ess\u00e4: DABAFIHH*<\/p>\n<p>*K\u00e4ytt\u00e4k\u00e4\u00e4 t\u00e4t\u00e4 v\u00e4litt\u00e4j\u00e4tunnusta mik\u00e4li k\u00e4yt\u00f6ss\u00e4nne olevasta verkkolaskutusohjelmasta ei voi l\u00e4hett\u00e4\u00e4 laskuja suoraan Maventan v\u00e4litt\u00e4j\u00e4tunnukselle.<\/p>\n<p><strong>Laskujen vastaanotto s\u00e4hk\u00f6postitse<\/strong><br \/>\nLaskut l\u00e4hetet\u00e4\u00e4n palveluun s\u00e4hk\u00f6postin PDF-muotoisina liitetiedostoina ja laskun liitteiden tulee olla samassa tiedostossa itse laskun kanssa.<br \/>\nS\u00e4hk\u00f6postilaskun osoite: 25434446@scan.netvisor.fi<\/p>\n<p><b>Paperilaskut<\/b><\/p>\n<p>Bookkaa Finland Oy<\/p>\n<p>25434446<\/p>\n<p>PL 100<\/p>\n<p>80020 Kollektor Scan<\/p>\n<\/div><\/div><footer class=\"entry-footer\"><\/footer><\/article><\/p><\/div><\/p>\n<div  class='hr av-bqgfe-5b78af9b8c88983829097f79c4739e23 hr-short  avia-builder-el-11  el_after_av_two_third  avia-builder-el-last  hr-center'><span class='hr-inner '><span class=\"hr-inner-style\"><\/span><\/span><\/div>\n","protected":false},"excerpt":{"rendered":"","protected":false},"author":1,"featured_media":0,"parent":0,"menu_order":0,"comment_status":"closed","ping_status":"closed","template":"","meta":{"footnotes":""},"class_list":["post-122","page","type-page","status-publish","hentry"],"jetpack_sharing_enabled":true,"_links":{"self":[{"href":"https:\/\/www.satamapaikka.com\/index.php?rest_route=\/wp\/v2\/pages\/122","targetHints":{"allow":["GET"]}}],"collection":[{"href":"https:\/\/www.satamapaikka.com\/index.php?rest_route=\/wp\/v2\/pages"}],"about":[{"href":"https:\/\/www.satamapaikka.com\/index.php?rest_route=\/wp\/v2\/types\/page"}],"author":[{"embeddable":true,"href":"https:\/\/www.satamapaikka.com\/index.php?rest_route=\/wp\/v2\/users\/1"}],"replies":[{"embeddable":true,"href":"https:\/\/www.satamapaikka.com\/index.php?rest_route=%2Fwp%2Fv2%2Fcomments&post=122"}],"version-history":[{"count":11,"href":"https:\/\/www.satamapaikka.com\/index.php?rest_route=\/wp\/v2\/pages\/122\/revisions"}],"predecessor-version":[{"id":2082,"href":"https:\/\/www.satamapaikka.com\/index.php?rest_route=\/wp\/v2\/pages\/122\/revisions\/2082"}],"wp:attachment":[{"href":"https:\/\/www.satamapaikka.com\/index.php?rest_route=%2Fwp%2Fv2%2Fmedia&parent=122"}],"curies":[{"name":"wp","href":"https:\/\/api.w.org\/{rel}","templated":true}]}}